he greatest common factor of 16 and o.
4
Suppose 0 = 5*n - 0*n. Let v be n + (69 - (2 - -1)). What is the highest common divisor of v and 6?
6
Suppose 3*b + 0*b - 33 = 0. Let u be 2/11 - (-185)/b. What is the highest common factor of u and 153?
17
Suppose 0*u + 2*u + t - 14 = 0, 2*u - 3*t - 6 = 0. Let o = 12 - u. Let a = o + -3. Calculate the greatest common divisor of 2 and a.
1
Let b(y) = -y**2 + 7*y - 4. Let v be b(4). Let k be (-40)/15 + (-1)/3. Let w be 1*6*k/(-9). What is the greatest common divisor of w and v?
2
Let w be -2*(321/(-2))/3. Suppose -5*o + w = 32. Suppose -29*y = -24*y - 75. What is the highest common divisor of y and o?
15
Suppose -3*d = -373 + 148. Calculate the highest common divisor of d and 15.
15
Let q be 658/11 - (-2)/11. Calculate the greatest common divisor of q and 20.
20
Let w = 51 + -25. Suppose 5*q - w = -6. Suppose q*o - 269 = 339. Calculate the highest common factor of o and 19.
19
Let z be 0 + 5/((-10)/56). Let b be (-54)/15*(z + -2). What is the highest common divisor of b and 12?
12
Let q(o) = -o**3 - 7*o**2 - 11*o + 3. Let a be q(-5). Calculate the highest common factor of 1 and a.
1
Let n = 4 + 4. Calculate the greatest common divisor of n and 32.
8
Suppose -588 = 2*g - 14*g. Let f(c) = c + 7. Let b be f(-5). Let t = b + 5. What is the highest common divisor of g and t?
7
Let v = 127 - 71. Calculate the highest common divisor of 7 and v.
7
Let m = 157 + -85. Calculate the highest common divisor of 180 and m.
36
Let a(f) = -f**2 - 8*f - 6. Let b(u) = -u**3 + 11*u**2 - 7. Let t be b(11). Let j be a(t). What is the greatest common divisor of j and 5?
1
Suppose -4*q = 5*c + 18, -2*c - c = q + 8. Suppose 5*v - 10 = 5. Let l be -1 + ((-18)/c)/v. Calculate the greatest common factor of 5 and l.
1
Suppose -13 = -2*a + 17. Calculate the highest common divisor of a and 5.
5
Suppose -3*v + 5*n + 40 = 0, -2*v + v + 16 = n. Let z = v - 66. Let m = 116 + z. What is the highest common factor of m and 13?
13
Suppose 5*v - 20 = v. Suppose -u = -1 - 24. What is the greatest common divisor of u and v?
5
Let c = -9 - -12. Let n(i) = -i**3 + 2*i**2 + 3*i + 4. Let s be n(c). What is the greatest common factor of 20 and s?
4
Let a be (-29)/(-9) - (-2)/54*-6. What is the greatest common divisor of 24 and a?
3
Suppose 9*a - 10 = 62. What is the greatest common divisor of a and 24?
8
Let r(l) = -3*l + 14. Let g be r(2). What is the greatest common factor of g and 12?
4
Let m(c) = -4*c**2 - 5. Let r(s) = 9*s**2 + 9. Let i(f) = -5*m(f) - 2*r(f). Let h be i(3). Calculate the greatest common factor of 50 and h.
25
Suppose 6*j - 100 - 38 = 0. Calculate the greatest common factor of j and 92.
23
Let u(o) = 6*o - 12. Let a be u(7). Calculate the greatest common factor of 300 and a.
30
Let k(z) = z**3 + 16*z**2 - 18*z + 18. Let i be k(-17). Calculate the greatest common factor of 5 and i.
5
Suppose -3 = -u + 2*u + 5*a, 0 = 3*u - 3*a - 63. What is the highest common divisor of 136 and u?
17
Let l be (-7)/(7/(-6) - 2/(-3)). What is the greatest common divisor of 7 and l?
7
Let s(y) = 4*y + 10. Let n be s(9). Calculate the highest common divisor of 23 and n.
23
Suppose -2*l + 12 = 4*z, -z = -3*l - 0*z + 39. Let u = l - 3. Suppose u = -0*d + 3*d. Calculate the greatest common divisor of d and 3.
3
Let t = 184 + -178. Let f(k) = k**2 - 4*k - 2. Let c be f(5). Calculate the highest common factor of t and c.
3
Let n(d) = 2*d**2 + 3*d + 2. Let m be n(-2). Let v be 6/m + 456/16. Calculate the highest common factor of 45 and v.
15
Let r(l) = 10*l + 4*l + 5*l - 5*l + 8. Let y be r(8). What is the greatest common divisor of y and 15?
15
Let j = -40 - -76. Calculate the greatest common factor of 252 and j.
36
Suppose 0*h = h - 9. Suppose -2 = 4*k - 18. Suppose -2*y + p + 147 = 0, 0 = -y - 0*p + k*p + 84. What is the highest common factor of h and y?
9
Let r(a) = 4*a**2 + 10*a - 6. Let s be r(-5). What is the highest common divisor of 66 and s?
22
Suppose 2*x = 6*x - 20. Let v = 2 - 2. Suppose 5*r + v*r = 175. Calculate the highest common factor of r and x.
5
Let d be -15 - (3 + -4) - 0. Let l be d/(-77) + (-106)/(-22). Calculate the greatest common divisor of 55 and l.
5
Suppose 542 = -5*f + 592. Suppose -u = u. Suppose 0*q - 3*q + 300 = u. What is the greatest common divisor of f and q?
10
Let u be (-40)/(-6)*(-9)/2. Let j = -9 - u. What is the highest common factor of j and 7?
7
Let v be (-81)/(-15) - (-2)/(-5). Suppose -v = -2*g + 7*g. Let w = 3 - g. Calculate the greatest common divisor of 44 and w.
4
Suppose -q = 4*q - 90. What is the highest common divisor of 27 and q?
9
Let x be ((-120)/(-9) - 4)*6. Suppose 2*l = -2*l + 28. What is the greatest common divisor of x and l?
7
Suppose 2 = 5*v - 63. What is the highest common factor of v and 1?
1
Let g be (2/6)/(2/30). Suppose 4*l + 11 = g*l. Let m = 51 - l. Calculate the highest common divisor of m and 10.
10
Suppose 3*a + 4*g - 19 + 6 = 0, -5*a + 3*g = 17. Let s(h) = -48*h**3 + h + 1. Let y be s(a). What is the greatest common factor of 12 and y?
12
Let i(d) = -3*d + 3. Let k be i(2). Let n = k + 5. Suppose n = a - 7. What is the highest common factor of 63 and a?
9
Suppose 4*g - 9*g + o + 72 = 0, -5*o + 30 = g. Suppose g = -0*a + 3*a. Suppose a*t - 5 = 45. Calculate the highest common factor of 2 and t.
2
Let q(j) = 4*j - 7. Let g be q(4). Let l be (-3)/6 + 13/2. Calculate the highest common factor of g and l.
3
Let h = 9 + -7. Calculate the greatest common divisor of h and 2.
2
Let w be ((-3)/3)/(1/(-41)). Suppose f = -2*f - 3*d - 3, 5*d = 4*f - w. Calculate the greatest common divisor of f and 8.
4
Suppose 3*t - 36 = -t. Calculate the highest common divisor of 99 and t.
9
Let v = 42 + -37. What is the highest common factor of 20 and v?
5
Suppose 2*y + 6 = 0, 5*y - 4 = 3*i - 19. Suppose 3*h - 63 - 75 = i. What is the highest common divisor of 23 and h?
23
Suppose 1 + 3 = v. Let l = 55 - 33. Let w be 2/(-11) + 224/l. What is the highest common divisor of w and v?
2
Suppose -x = -4*w + 70 - 25, -3*w + 51 = 5*x. Let a(j) = j**2 + 2. Suppose 2*s = 5*s - 12. Let l be a(s). Calculate the greatest common divisor of w and l.
6
Let m = -1 + 3. Suppose -2*k = m*c - 8, 0*k + 2*c = 2*k - 8. What is the highest common divisor of 32 and k?
4
Let b(u) = -u**3 + 11*u**2 - 11*u + 10. Let c be b(10). Suppose c = 3*v - v - 240. Calculate the highest common factor of 15 and v.
15
Let q(j) = 31*j**2 + 1. Let v be q(1). Suppose -28 = -5*s + 52. What is the highest common divisor of v and s?
16
Let r be 2028/42 + 4/(-14). Calculate the greatest common factor of r and 32.
16
Suppose -3*q + 5*m = -365, 3*q - 179 = -m + 216. Calculate the greatest common factor of 52 and q.
26
Let g = -17 - -44. Let u(w) = 3*w**2 + 3*w + 3. Let o be u(-2). What is the greatest common divisor of g and o?
9
Suppose 2*z = -2*u + 12, -z + 0 = 3*u - 8. Calculate the greatest common divisor of 1 and z.
1
Let h be (0/1)/2 + 3. Suppose 4*k - 6*k - 2*f + 2 = 0, -5*f + 13 = -h*k. Let p be k - -1 - (-18 - -2). Calculate the greatest common divisor of 4 and p.
4
Let p(q) = 3*q**3 - 6*q**2 - q + 4. Let d be p(4). Let f be 1 + 44 + (-9)/(-3). Let u be f/(9/3) - 4. What is the highest common divisor of d and u?
12
Let y be (-1 + 16)*(-42)/(-70). Calculate the greatest common factor of 9 and y.
9
Let j = 90 + -60. Let u(q) = -q**2 + 5*q - 2. Let i be u(3). Suppose 40 = i*p - 2*p. What is the highest common factor of p and j?
10
Let b(n) = 3*n**2 - 6*n - 3. Let d be b(5). What is the highest common factor of d and 6?
6
Let u(m) = 31*m - 4. Let j(y) = 1. Let s(h) = 6*j(h) + u(h). Let p be s(-2). Let b = p - -88. Calculate the highest common factor of b and 14.
14
Let r(z) = 23*z**2 - z. Let d be r(-1). Let f(o) = o**3 - 2*o**2 - o. Let x be f(3). What is the greatest common factor of d and x?
6
Let w = -119 + 83. Let u = 160 - w. What is the highest common factor of u and 28?
28
Let x = 45 + -37. Calculate the greatest common factor of 8 and x.
8
Suppose -2*u - 3*b = 57, -2*b + 6*b - 78 = 2*u. Suppose c - 16 - 3 = 0. Let q = c - u. Calculate the greatest common divisor of 78 and q.
26
Let s = 25 + -17. Let m(n) = -4*n**2 + 3*n**3 - 7*n - 2*n**3 - 3*n**2. Let h be m(s). Calculate the highest common divisor of 1 and h.
1
Let w(h) = -h**3 + h**2 - 4*h 